 a composite number?
False
Is 4784527 prime?
False
Is 102659 a prime number?
False
Is 444557 a prime number?
True
Is 190967 a composite number?
True
Is 6119 composite?
True
Is 86234 a composite number?
True
Is 9521 composite?
False
Is 137135 composite?
True
Is 363667 prime?
False
Is 711241 a prime number?
False
Is 100637 a composite number?
True
Is 4849 prime?
False
Is 431569 a prime number?
False
Is 221021 composite?
False
Is 238897 composite?
False
Is 196033 prime?
True
Is 75713 prime?
False
Is 90331 composite?
True
Is 32647 a composite number?
False
Is 121129 prime?
False
Is 53177 prime?
False
Is 54667 prime?
True
Is 435529 a composite number?
False
Is 9379 a prime number?
False
Is 9287 prime?
False
Is 137219 a composite number?
False
Is 7069 a prime number?
True
Is 29599 a prime number?
True
Is 11113 prime?
True
Is 2545 a prime number?
False
Is 4219 a composite number?
False
Is 73061 prime?
True
Is 51071 a composite number?
False
Is 5447 prime?
False
Is 9249 composite?
True
Is 5153 prime?
True
Is 35 prime?
False
Is 14699 composite?
False
Is 19934 composite?
True
Is 54829 a prime number?
True
Is 2077835 a composite number?
True
Is 118817 prime?
False
Is 167009 a prime number?
True
Is 486757 prime?
True
Is 1015199 prime?
True
Is 1503758 a composite number?
True
Is 318281 a composite number?
False
Is 70409 a prime number?
False
Is 5183 prime?
False
Is 46199 prime?
True
Is 6341 a prime number?
False
Is 113279 a prime number?
True
Is 512779 a prime number?
True
Is 2459 composite?
False
Is 40459 prime?
True
Is 468353 composite?
False
Is 142007 a prime number?
True
Is 100505 a prime number?
False
Is 1903 composite?
True
Is 4633 a prime number?
False
Is 18263 composite?
True
Is 701377 a prime number?
True
Is 2588591 a prime number?
True
Is 412651 a composite number?
False
Is 2731 prime?
True
Is 26929 a prime number?
False
Is 107881 a prime number?
True
Is 4327 composite?
False
Is 56697 prime?
False
Is 554057 composite?
True
Is 267043 composite?
True
Is 275371 a prime number?
True
Is 543101 a prime number?
False
Is 161114 prime?
False
Is 174923 composite?
True
Is 2335 a prime number?
False
Is 1654 a prime number?
False
Is 62171 a prime number?
True
Is 34793 composite?
True
Is 12689 composite?
False
Is 306815 a composite number?
True
Is 58495 composite?
True
Is 1039603 a prime number?
True
Is 451873 composite?
False
Is 14489 a composite number?
False
Is 469489 a prime number?
False
Is 19661 a composite number?
False
Is 421997 a prime number?
True
Is 103769 a composite number?
False
Is 35291 a prime number?
True
Is 716189 composite?
True
Is 2149 a prime number?
False
Is 828169 a composite number?
False
Is 50989 a prime number?
True
Is 2960551 composite?
True
Is 65999 a composite number?
True
Is 7627 a prime number?
False
Is 161599 prime?
True
Is 43067 composite?
False
Is 12223 a composite number?
True
Is 60679 a composite number?
False
Is 211 prime?
True
Is 1535 prime?
False
Is 32647 composite?
False
Is 2813 prime?
False
Is 512711 a prime number?
True
Is 61403 a composite number?
False
Is 57711 a prime number?
False
Is 14513 a composite number?
True
Is 869353 a composite number?
True
Is 1967 composite?
True
Is 34189 a composite number?
True
Is 1642997 composite?
False
Is 19933 a composite number?
True
Is 20567 a prime number?
False
Is 10421 a composite number?
True
Is 39551 a prime number?
True
Is 87277 a prime number?
True
Is 99461 composite?
True
Is 2579 a prime number?
True
Is 583207 a composite number?
False
Is 21211 prime?
True
Is 176683 composite?
True
Is 76165 prime?
False
Is 270191 a composite number?
False
Is 4102283 prime?
True
Is 6607 composite?
False
Is 5557 a prime number?
True
Is 3011 prime?
True
Is 567085 prime?
False
Is 13829 a composite number?
False
Is 728009 a prime number?
False
Is 133571 a prime number?
True
Is 728023 a prime number?
False
Is 1018949 composite?
False
Is 91733 composite?
False
Is 442945 a composite number?
True
Is 374639 prime?
True
Is 11777 composite?
False
Is 35339 a composite number?
False
Is 52477 a composite number?
True
Is 239942 composite?
True
Is 62809 a composite number?
True
Is 202399 a prime number?
False
Is 61367 prime?
False
Is 2278139 prime?
True
Is 9151 a prime number?
True
Is 12761 prime?
False
Is 2386 prime?
False
Is 12511 a prime number?
True
Is 2014883 prime?
False
Is 1399 a composite number?
False
Is 2999 a composite number?
False
Is 1019921 prime?
False
Is 196283 a prime number?
False
Is 326903 a composite number?
False
Is 71741 prime?
True
Is 488101 a composite number?
True
Is 82307 a prime number?
True
Is 91693 composite?
True
Is 45751 a prime number?
True
Is 13577 a prime number?
True
Is 35147 a prime number?
False
Is 47431 a composite number?
False
Is 3646679 prime?
False
Is 7807 prime?
False
Is 22297 composite?
True
Is 66029 prime?
True
Is 11599 a composite number?
True
Is 73869 composite?
True
Is 133481 a prime number?
True
Is 684205 prime?
False
Is 754549 a composite number?
False
Is 47423 a prime number?
False
Is 153961 composite?
True
Is 217001 prime?
True
Is 6031 prime?
False
Is 12319 prime?
False
Is 1315 a prime number?
False
Is 347227 prime?
True
Is 1933007 a composite number?
False
Is 5209 prime?
True
Is 180533 a composite number?
False
Is 29395 a prime number?
False
Is 6371 composite?
True
Is 2384293 composite?
True
Is 554 a prime number?
False
Is 896341 a prime number?
True
Is 43093 composite?
False
Is 116269 composite?
False
Is 7571 composite?
True
Is 2921 prime?
False
Is 14567 a composite number?
True
Is 2941 prime?
False
Is 4595 a composite number?
True
Is 6541 composite?
True
Is 146567 a prime number?
False
Is 438389 composite?
True
Is 4499 composite?
True
Is 326863 composite?
False
Is 23137 a prime number?
False
Is 3593 prime?
True
Is 31219 prime?
True
Is 16333 prime?
True
Is 22251 prime?
False
Is 4909 prime?
True
Is 34373 prime?
False
Is 80071 a composite number?
False
Is 16838 composite?
True
Is 57881 prime?
True
Is 405947 prime?
True
Is 13073 composite?
True
Is 1771087 a composite number?
False
Is 9098 composite?
True
Is 237493 a composite number?
True
Is 3539819 prime?
True
Is 11771 composite?
True
Is 731 a composite number?
True
Is 129809 a prime number?
False
Is 496231 prime?
True
Is 132659 a prime number?
False
Is 113453 a prime number?
True
Is 8501 composite?
False
Is 188603 a prime number?
True
Is 4246913 composite?
True
Is 9853 prime?
False
Is 28501 a composite number?
True
Is 181297 a composite number?
False
Is 853 a composite number?
False
Is 19165 a composite number?
True
Is 27191 a composite number?
False
Is 1477 a composite number?
True
Is 1111 composite?
True
Is 150041 a composite number?
False
Is 229757 a composite number?
True
Is 1140617 prime?
False
Is 44839 prime?
True
Is 90053 composite?
False
Is 469411 a prime number?
True
Is 100159 prime?
False
Is 18451 a composite number?
False
Is 8663 composite?
False
Is 79861 composite?
False
Is 456091 a composite number?
False
Is 151222 a prime number?
False
Is 13119 prime?
False
Is 24749 a prime number?
True
Is 1847 prime?
True
Is 2280539 a composite number?
True
Is 29779 prime?
False
Is 89877 prime?
False
Is 1409 a prime number?
True
Is 12629795 prime?
False
Is 6267 a composite number?
True
Is 887 prime?
True
Is 2999 prime?
True
Is 6779 a composite number?
False
Is 2267 a composite number?
False
Is 153453 a composite number?
True
Is 178919 prime?
False
Is 60439 prime?
False
Is 71161 a prime number?
True
Is 541 a prime number?
True
Is 481 a prime number?
False
Is 116187 composite?
True
Is 779 prime?
False
Is 11269 composite?
True
Is 96419 a composite number?
False
Is 76883 a composite number?
False
Is 125722 a composite number?
True
Is 593641 prime?
True
Is 194647 prime?
True
Is 2914647 prime?
False
Is 247067 composite?
False
Is 1189 prime?
False
Is 8081 a prime number?
True
Is 76697 a prime number?
True
Is 254 composite?
True
Is 3909 prime?
False
Is 40609 a composite number?
False
Is 116359 prime?
True
Is 3131 prime?
False
Is 11377 composite?
True
Is 701677 composite?
True
Is 86455 prime?
False
Is 103067 prime?
True
Is 130133 composite?
True
Is 7934 a composite number?
True
Is 50989 a prime number?
True
Is 2901 a composite number?
True
Is 12941 prime?
True
Is 106591 prime?
True
Is 442417 a composite number?